?
8
Let b be 44/(-3) - (-2)/(-6). Let j = b - -6. What is the units digit of -2 - (-2 + j*3)?
7
Suppose 36 = -4*f + 4*w, -3*f + w = -5*f - 24. Suppose -44 = -2*n + 4*r, 0 = -3*n - 3*r + 15 + 6. Let p = f + n. What is the units digit of p?
1
What is the units digit of 30 - 21/(1 - -6)?
7
Let a(y) = 2*y**2 - 2*y - 1. Let r be a(-1). Suppose -3*s + r*i + 159 = 0, 5*s - 238 = -i - 3*i. What is the units digit of s?
0
Suppose 329 = -5*z + 1619. Let x = -58 + z. What is the tens digit of x?
0
Let b(l) = -4*l + 4 + 0*l + l**3 + 6*l - l - 2*l**2. Suppose -3*h + 1 = -0*o - 2*o, 4 = o. What is the tens digit of b(h)?
1
Let r = 3 - -48. What is the tens digit of (((-6)/2)/(-3))/(-1) + r?
5
What is the units digit of 532070/(-77)*3/(-5)?
6
Let o(k) = 6*k**2 + 2*k - 2. Let r = -40 - -68. Let z = r - 30. What is the tens digit of o(z)?
1
Let f(v) = -3*v**3 + 2*v**2 - 13*v - 18. What is the units digit of f(-4)?
8
Suppose -10256 = -29*z - 2020. What is the units digit of z?
4
Suppose 30*t - 3738 = 28*t. What is the units digit of t?
9
Suppose -110*n + 41584 = -18*n. What is the hundreds digit of n?
4
Let u = -51 + 326. What is the units digit of u?
5
Suppose 26674 = -10*g + 65854. What is the tens digit of g?
1
Suppose -w - 4*x = w - 168, w = x + 90. What is the tens digit of w?
8
Suppose 4*x + 438 + 30 = r, -5*r = 2*x - 2362. What is the hundreds digit of r?
4
Suppose s = -c - 66 + 9, 0 = -s + 3*c - 77. What is the tens digit of 1*2*(-4 - s)?
1
Suppose -5*c - 2*q = -6042, -8*q = -9*q + 1. What is the units digit of c?
8
Suppose 5*b = 11*b - 96. Let m be (0 - -3)*14/21. Suppose 0 = m*f - 38 + b. What is the units digit of f?
1
Let r(d) = 2*d - 8. Let c be r(7). Let t = c - 6. What is the tens digit of 26 + t + 0 + 3?
2
Let d = 311 + -102. What is the tens digit of d?
0
Let q(m) = -m**3 - m**2 + 3*m - 3. Let v be q(-4). Let b = -23 + 10. Let f = v + b. What is the units digit of f?
0
Let a = -97 - -12. Let v = a + 198. What is the tens digit of v?
1
Let f(u) = 4*u**2 + 24 + 0*u + 5*u**2 + 8*u + u**3 - 38. What is the units digit of f(-5)?
6
What is the hundreds digit of 3876/8 + -1 + (-15)/(-6)?
4
Suppose -3*r + 0*x - 4*x = 22, -r = x + 8. Let v = -29 - -47. Let b = v - r. What is the units digit of b?
8
Let m = 47 + 184. Suppose -q - 3*q = 3*z - m, 230 = 4*q + 2*z. What is the tens digit of q?
5
Suppose -2811 + 14097 = 2*i - g, 2*g - 11298 = -2*i. What is the thousands digit of i?
5
Suppose -5*y - 3*p + 19 = -7*p, 5*y - 10 = -5*p. Suppose 31 = -3*g + 2*s, -y*g - 2*g - 2*s = 25. Let k = g - -20. What is the units digit of k?
3
Let b(t) = -t. Let w(m) = -24*m + 7. Let y(s) = 4*b(s) - w(s). What is the tens digit of y(3)?
5
Let j = -5 + -1. Let y(p) = -12*p - 10. What is the units digit of y(j)?
2
Let i(o) = 3*o**2 - 9*o - 3. Let w = -74 - -83. What is the tens digit of i(w)?
5
Let f = -58 + 40. Let q = 20 + f. Suppose 0 = q*v - 41 - 49. What is the units digit of v?
5
Let r = 3898 - 3087. What is the units digit of r?
1
Let x(v) = 4*v + v - 4*v + 0*v. Let f be x(5). Let h = f - 2. What is the units digit of h?
3
Suppose -n = -4*x + 12490, 19*x + 15606 = 24*x + 2*n. What is the hundreds digit of x?
1
Suppose -q + 5*k - k - 34 = 0, 4*q - 5*k = -81. Let t(u) = -5*u + 32. What is the hundreds digit of t(q)?
1
Let d(p) = p**2 + 7*p - 2. Let n be d(-8). Let q be n + -7 - -2*18. What is the units digit of (18/(-15))/((-1)/q)?
2
Suppose z + 3*z - 32 = 4*v, 2*v = z - 11. What is the units digit of (-33)/4*-2*(-10)/v?
5
Suppose 0 = -2*z + 2*c - 0*c + 222, 4*z = 3*c + 439. Suppose -2*a + 3*f + 131 = -z, -f = 4*a - 481. What is the tens digit of a?
2
Let v = -6 - -90. Suppose v = 5*b + 2*u - 116, -3*u + 15 = 0. What is the tens digit of b?
3
Let u(j) = 12*j - 66. What is the tens digit of u(8)?
3
What is the tens digit of (1635/(-2))/((-7)/14)?
3
Suppose -11*d + 12*d = -82. Let n be 351/3 + -2 - -1. Let h = d + n. What is the units digit of h?
4
Suppose 4*m - 613 = 3*t + 1856, 3088 = 5*m - 2*t. What is the hundreds digit of m?
6
Suppose -k = -3*v + 2983, 5*v + 3*k - 3142 = 1839. What is the hundreds digit of v?
9
Suppose -5*t + 10 = -0*t. Suppose 3*f + 0*v - 74 = -2*v, 0 = -4*f + t*v + 94. What is the tens digit of f?
2
What is the thousands digit of (672/(-105))/(2/(-440))?
1
Suppose -6*g - 2*a = -g - 44, 0 = 4*a - 8. Let p be (3 - g - 1)/2. Let f(l) = -2*l**3 - 4*l**2 - 3*l + 2. What is the units digit of f(p)?
9
Let z = -18 - -22. Suppose -16 = -3*a + 224. Suppose -z*b - 5*k + 9 = -a, -81 = -4*b + 3*k. What is the tens digit of b?
2
Let o = 11 - -98. What is the hundreds digit of o?
1
Let k be 1 - (-1)/(1/(-91)). Let u = -63 - k. What is the tens digit of u?
2
Let v(i) = 4*i - 16. Let q(t) = t**2 - 9*t - 15. Let s be q(11). What is the tens digit of v(s)?
1
Let g = -56 - -150. Suppose t - a = 26, -3*t - 10 + g = 3*a. What is the tens digit of t?
2
Let d = -35 - -426. What is the hundreds digit of d?
3
Let g(r) be the third derivative of 0 + 5/24*r**4 - 1/120*r**6 - 2*r**2 + 0*r - 1/10*r**5 - 5/3*r**3. What is the units digit of g(-7)?
4
Let f = 2456 - 1377. What is the tens digit of f?
7
Suppose 20 + 8 = -2*s. What is the units digit of (118/4)/((-7)/s)?
9
Suppose 2*v + 2*q = 4840, 2*v - 13*q + 8*q - 4819 = 0. What is the hundreds digit of v?
4
Let s be 60 + 3 + 2 + -2. Suppose 0*b + 82 = -5*b + 2*a, a + s = -4*b. Let w = 26 + b. What is the tens digit of w?
1
Suppose 2*w - 1 = 9. What is the hundreds digit of (-36)/90 - (-947)/w?
1
Suppose -2 = -3*a - 4*f, 10*f + 22 = -2*a + 12*f. Let y be 3/(2/4*-3). What is the units digit of 1 + y - (-41 - a)?
4
Let p(o) = o**3 + 13*o**2 + 11*o - 10. Let q be p(-12). Suppose -j + 12 = -4*v + q*j, 3*v + j - 4 = 0. Suppose 3*c - 2*c - 10 = v. What is the units digit of c?
0
Let d(i) = 3568*i**3 + 4*i**2 - 4*i + 1. What is the units digit of d(1)?
9
Let u(y) = -7*y**3 - y**2 - 3*y. Let q be u(3). Let m = -70 - q. What is the hundreds digit of m?
1
Let x(u) = -2*u**3 - 6*u**2 + 9. Let c be x(-4). Suppose -v + 46 = -c. What is the tens digit of v?
8
Let f = 515 - 154. What is the hundreds digit of f?
3
What is the hundreds digit of 2062*(6/(-9) - 273/(-126))?
0
Suppose 3 = 5*h - 5*z - 2, 2*z = 3*h - 7. What is the units digit of h?
5
Let a be (174/9)/(4/6). Suppose -2*z - 15 = 3*z. What is the units digit of a/3*(z - -6)?
9
Suppose -2*k - 5*t - 9 = -6*t, -k + 2*t = 9. Let w be k + 3 + 1 - 16. Let c = -7 - w. What is the units digit of c?
8
Let h(j) = 74*j**2 + 54*j - 12. What is the units digit of h(5)?
8
Let f(j) = 60*j - 12. Let h be f(6). Suppose 5*c + c - h = 0. What is the units digit of c?
8
Let c be 180/16 + (-3)/(-4). Suppose 7*d + 710 = c*d. What is the tens digit of d?
4
Suppose 2*i = -2*i. Suppose 0 = 3*o + 3, i*o - 2*o + 4 = -2*t. What is the units digit of (t/(-3))/((-5)/(-20))?
4
Let j(p) = -p**3 + 16*p**2 - 15*p + 3. Let c be j(15). Suppose c*u + 15 = 0, 0*u = 4*l - u - 17. Suppose 4*q = l*q + 4. What is the units digit of q?
4
Let x = -8 - -4. Let a(l) = -l + 7. What is the units digit of a(x)?
1
Let m(t) = 2 + 6*t - 3 - t**2 - 2. Let k be m(5). Suppose 0 = f - k*f + 2*a + 7, 0 = -5*a. What is the units digit of f?
7
Suppose 3*c + 54 = -15. Let a = c + 47. What is the tens digit of a?
2
Let i = -821 - -1401. What is the hundreds digit of i?
5
Let o(d) = -d**2 + 13*d + 4. Let s be o(10). Suppose 5*j - 65 = 2*f, 2*j + 2*f - s = -2*j. What is the tens digit of j?
1
Let r = 81 - 15. Suppose -297 = r*d - 69*d. What is the tens digit of d?
9
Suppose v - 6 = -0*v. Let s = 207 + 28. Suppose z = v*z - s. What is the tens digit of z?
4
Let d(t) = 3*t**2 + 16*t + 13. Let z(g) = -g**3 + 14*g**2 - 2*g + 18. Let f be z(14). What is the tens digit of d(f)?
5
Let v be -4*((-6)/(-96)*172 - -1). Let z = -236 + 124. Let t = v - z. What is the units digit of t?
5
Suppose 0*n + 13 = -2*w - n, -n = -2*w - 15. Let q = 23 + w. What is the units digit of 4/(q/12)*1?
3
Suppose -2*q - 15 - 39 = -4*j, -75 = -4*j - 5*q. Suppose -9 - j = -8*f. What is the units digit of f?
3
Suppose -9*m = -10*m - 1, -5824 = -2*j + 2*m. What is the hundreds digit of j?
9
Let t be 18/4*(-4)/6. Let o be t + (-1)/(1/(-3)). Suppose 3*c - 4*c + 25 = o. What is the units digit of c?
5
Let h(l) = l**2 + 8*l - 11. Let b be h(-9). Let c(w) = 22*w + 4. Let r be c(b). Let 